. Let l(u) = d*p(u) + m*s(u). What is l(3)?
0
Let w(b) be the second derivative of b**4/12 + b**3/3 + b**2 - 40*b. Suppose -6*t + 5*q - 9 = -4*t, q - 7 = 3*t. Calculate w(t).
2
Let b(k) = -7*k**2 + 1. Let h be 0*(-2)/2 + 2. Suppose -6 = -h*q - 2. Suppose 3*a + q + 1 = 0. Calculate b(a).
-6
Suppose 0 = -17*k + 356 - 152. Let n(a) = a**2 - 14*a + 26. Calculate n(k).
2
Let j(f) = -f - 1. Let x = -91 - -89. Let y(o) = o**2 + 3*o - 5. Let q(p) = x*j(p) + y(p). Let n = -15 + 10. Calculate q(n).
-3
Suppose -y = 5*d - 8 - 2, 2*y - 8 = -4*d. Let b(w) = -3 - w + 0*w + y*w. Suppose 0 = 5*a - 25, 5*z + 10 = 2*a + 3*a. Give b(z).
-6
Let i = 171 + -169. Let k(v) = -15*v - 2. What is k(i)?
-32
Let n(w) = 19*w - 5. Let m be ((-2)/(20/6))/(11/(-55)). What is n(m)?
52
Let u(t) be the second derivative of t**3/2 + 7*t**2/2 - 424*t. Give u(8).
31
Let k(p) be the first derivative of -p**3/3 + 5*p**2/2 - 11*p - 318. Give k(5).
-11
Let j be (1/(-3))/(42/1260). Let b(l) = -l - 12. Calculate b(j).
-2
Suppose -3*k + 13 + 10 = 2*g, 4*g = 5*k + 35. Suppose 2*y + y = 15, 2*y = -5*n + g. Let w(t) = 5*t - 5 - 2 + n*t + 3 - t**2. Give w(6).
-10
Let u(j) = 6*j**2 + j**3 + 0*j**3 + 2 + 0*j**3 - 3*j**2 - 2*j + 3*j. Determine u(-3).
-1
Let m be (0/6)/((-2)/2). Suppose -o = -m*o. Let q(s) = s**2 - s + 1. Give q(o).
1
Let a(i) be the second derivative of -i**4/12 - i**3/6 + i**2/2 + i. Let d(q) = -3*q**2 - 29*q - 28. Let y be d(-1). Give a(y).
-1
Let q(l) = -l - 9. Let r be q(-12). Suppose 0 = -2*x + 5*x + 3*m + 24, r*x = -4*m - 26. Let n(k) be the second derivative of -k**3/6 + k**2 + 8*k. Give n(x).
8
Let v(f) = -167*f + f**2 - 161*f + f**2 + 321*f - f**2. What is v(6)?
-6
Let b(j) be the third derivative of -j**6/120 - j**5/15 - j**4/24 + 5*j**3/6 - j**2. Let n = 3454 + -3458. Determine b(n).
9
Let n(k) be the first derivative of 2*k**3/3 - k**2/2 - 45. Determine n(3).
15
Suppose 0 = -2*o + 2*a + 16, o + 2*o - 45 = -4*a. Let t = o - 11. Suppose 0*l - 4*l + 8 = t. Let w(m) = -m**3 - m**2 + 2*m. Calculate w(l).
-8
Suppose 3*d + 15 = -0*d. Let x be d*4*1/(-10). Let b(a) = 4*a + 4*a**3 + a**x - 1 + a + 0 - 6*a. Determine b(-1).
-3
Let x(i) = i. Let q be (18/7)/(18/84). Suppose -y - 3*y = -q. Suppose -2*j + 6*j = y*a + 39, -3*j + 13 = a. What is x(j)?
6
Let z(r) be the first derivative of r**3/3 + 8*r + 87. What is z(0)?
8
Let z(h) be the first derivative of -2*h**2 + 2*h + h**3 + 1/4*h**4 - 21. Calculate z(-4).
2
Let v(w) be the second derivative of w**4/12 + 5*w**3/3 + 3*w**2 - w. Suppose -15*u - 35 - 100 = 0. Determine v(u).
-3
Let c(z) = z**3 - z**2 - 4*z + 3. Suppose -4*p - 3*h = -4, 2*h - 4*h + 2 = 3*p. Let o be ((-6)/(-2))/(-6)*p. Let s be (1 - -2)/(o/1). What is c(s)?
9
Suppose 0 = -2*q + 4 - 14. Let u = q - 2. Let f = 1 + u. Let w(i) = i**2 + 7*i - 1. Calculate w(f).
-7
Let h = 102 - 108. Let i(c) = -c**3 - 5*c**2 + 6*c. Give i(h).
0
Let v(o) = -o**3 - o. Let a(p) = -6*p - 60*p**3 + 4 - 4*p**2 - 3*p**2 + 2*p + 56*p**3. Let s(j) = a(j) - 5*v(j). Give s(7).
11
Let w(l) = -l**2 + l. Let t(q) = q**2 - 2*q - 2. Let u(d) = -d - 3. Let o be u(-6). Let r be t(o). Calculate w(r).
0
Let i(u) = -u - 1. Let f be i(0). Let b(a) be the second derivative of 0 - 5/12*a**4 - 1/2*a**2 + 30*a - 1/6*a**3. Calculate b(f).
-5
Let q(z) = z**2 - 7*z + 10. Suppose o + 8*u + 3 = 5*u, u = -5*o + 27. Give q(o).
4
Let a(p) = -p**3 + 3*p**2 - 3*p + 1. Let k be 6 + (4 - 3)*-4. Calculate a(k).
-1
Suppose 0*h - 4*h + 300 = 0. Suppose -h*u = -77*u - 14. Let y(r) = -r**3 - 8*r**2 - 8*r - 10. Give y(u).
-3
Let s(y) = -y**3 + 2*y**2 + 5*y + 3. Let u(t) = -t**2 + 9*t - 18. Let a be u(5). Suppose 14 = 2*g - a*f + 6, 0 = -g + 4*f + 4. What is s(g)?
-9
Suppose 3*l - 5*k + 11 = -k, -31 = -2*l - 5*k. Let d be 1*8/6*l. Let x(n) be the third derivative of -n**4/24 - 5*n**3/6 + 3*n**2. Give x(d).
-9
Let a(u) be the third derivative of u**5/60 - 3*u**4/8 + u**3 - 201*u**2. What is a(6)?
-12
Let k be (-18)/(-4)*(4 + 12/(-2)). Let u(d) = 3*d + 18. Give u(k).
-9
Let c(f) = -f**2 + 12*f - 30. Let o be c(8). Let z = 9 + -5. Suppose -2*q - o*w = 1 - 9, -z*q = w - 22. Let u(v) = v**3 - 5*v**2 - 6*v + 6. Calculate u(q).
6
Let c(b) be the third derivative of -b**4/8 - 6*b**3 - 3*b**2 + 52*b. Calculate c(-14).
6
Suppose -5*c + 4*y + 11 = -0, 0 = -5*c + 2*y + 13. Let q(f) = 10*f + 2. Determine q(c).
32
Let p(w) be the first derivative of -3*w**4/2 - w**2/2 - w + 619. Suppose 3*y - 10 = -2*v, 3*v - 2 = -y + 13. Let j be y + (-2 - (-2 - -1)). Determine p(j).
6
Suppose 0 = -4*m - 3*r + 20, 3*r = 5*m - 3 + 5. Let p(j) = -j**2 - 20*j + 301. Let n be p(10). Let o(f) = n + 4 + 0 + 3 + m*f. Give o(-8).
-8
Let n = -28 - -30. Let u(k) = -n*k + k + 1 + 5 - 4. Give u(6).
-4
Let d(v) = v**3 + 6*v**2 + 6*v + 5. Suppose -m + 431 = 436. Give d(m).
0
Let n be (-582)/873 - (8/3)/(-1). Let g(y) be the third derivative of 0 + 5*y**n + 0*y**3 + 0*y + 1/120*y**6 + 0*y**4 + 1/15*y**5. Calculate g(-4).
0
Suppose 3*g + 22 = -5. Let u be 6/g - 14/(-21). Let i(r) be the second derivative of r**5/20 - 2*r**2 + r. Determine i(u).
-4
Suppose -2*b = -5*m + 150, 0 = b - 2*b. Let s be (-5)/(-2)*m/25. Suppose 2*z = -u + 5*z - 3, 5*z - 33 = -s*u. Let k(t) = t**2 - 8*t + 4. What is k(u)?
-8
Let z(n) be the second derivative of -n**5/40 - n**4/6 + 7*n**3/6 - 12*n. Let h(t) be the second derivative of z(t). Calculate h(-6).
14
Let m(s) = -s**3 - 7*s**2 + 9*s + 5. Suppose 4*k - 4*h + 8*h - 80 = 0, -4*k - h + 68 = 0. Suppose -3*f - 4*f = -168. Let b = k - f. Determine m(b).
-3
Let c be (32/(-8))/(-8)*(-1 + 73). Let z = 41 - c. Let t(x) = 2*x + 2. Give t(z).
12
Let c = 4 - 4. Suppose -4*q - 20 = 4*r, c*q + 2*q + 13 = r. Let f(a) be the first derivative of a**3/3 + 2*a**2 - 6*a + 2. Give f(q).
6
Let q(s) = s**3 + s**2 - 11. Let t(a) = -a**2 - 14*a - 45. Let r be t(-9). Calculate q(r).
-11
Let x(m) be the first derivative of 0*m + 10/3*m**3 + 1/2*m**2 + 15. Determine x(1).
11
Let n(b) be the third derivative of -b**6/120 - b**5/30 - 4*b**3/3 + b**2 - 79*b. Calculate n(0).
-8
Let n(r) be the second derivative of r**4/12 - 5*r**3/3 - 21*r**2/2 + 13*r - 2. Give n(11).
-10
Let i(y) = -y**2 - 2*y. Suppose -46*a + 42*a = 5*o + 20, 3*a - 2*o - 8 = 0. Determine i(a).
0
Let m(f) = -f + 3. Let c(t) = 6*t**2 - 8*t**2 - 10*t + 26 - 21. Let n be c(-5). Determine m(n).
-2
Let n(v) be the second derivative of v**6/120 + 11*v**5/60 + 5*v**4/12 + 3*v**3/2 + 5*v**2 + 10*v. Let b(k) be the first derivative of n(k). Calculate b(-10).
9
Let o be (2 - (-10)/(-4))*0. Let j(l) = -l - 6. Let v(s) = 2*s + 13. Suppose -5*d + 0*d = -25. Let f(u) = d*j(u) + 2*v(u). What is f(o)?
-4
Let v = 23 - 21. Suppose -2*n + 3*r = -2, -3*n = -v*n - 2*r + 1. Let u(o) = o**2 - 7*o - 5. What is u(n)?
-5
Let n(f) be the first derivative of 4*f**3/3 - f**2 - 2*f - 28. Let i(u) = -u**2 + u. Let t(b) = 3*i(b) + n(b). Let j = 6 - 9. Give t(j).
4
Let g(c) = -c**3 + 31*c**2 - 33*c + 87. Let o be g(30). Let x(y) = 3*y**2 + y + 1. Give x(o).
25
Let j be -4 - (248/(-32) + 8)*-20. Let u(x) = -x - 2 + 1 - 4*x. Calculate u(j).
-6
Suppose 0 = -s - 2*m - 45, 4*s + 178 = m + 43. Let g = -30 - s. Let a(l) = 2 + 2 - 4 + g - 4*l. Determine a(5).
-15
Let x(v) = 9*v - 7. Let m(o) = -11*o + 9. Let t(j) = 3*m(j) + 4*x(j). Let b(r) = -r**3 + 6*r**2 - 6*r + 6. Let c be b(5). Give t(c).
2
Let s(g) = -g + 2. Suppose 3*m - 7*v = -12*v + 41, -4*v - 32 = -3*m. Calculate s(m).
-10
Let z(n) = n**3 + 721*n - 720*n + 2 + 15. Give z(0).
17
Let k(f) = -6*f**3 - f**2 + 7 + 1 - f - 9. Suppose 0 = 18*a + 20 - 2. What is k(a)?
5
Let y(w) = 9*w - 8. Let m = 1218 + -1214. What is y(m)?
28
Let r(m) = -m**3 - 8*m**2 - 6*m - 9. Let u = 429 + -436. What is r(u)?
-16
Let b(g) = -3*g**2 + 1. Let w(v) = v**2 - 9*v + 2. Let s be w(9). Let q be s*(-1 + (3 - -2)). Let j = q - 7. What is b(j)?
-2
Let x = -390 + 390. Let h(m) = -m**3 - m + 6. Determine h(x).
6
Let p(c) be the third derivative of -c**4/8 - 6*c**3 + 13*c**2 + 10*c. What is p(-15)?
9
Let z(d) = -d**2 - 9*d + 10. Let v(b) = -b**3 + 3*b**2 + 17*b - 61. Let o be v(4). Determine z(o).
10
Let w(g) = -6*g + 2. Let t(x) = -x**3 + 9*x**2 + 3*x - 22. Let i be t(9). Let o be ((-12)/10)/(-2) - (-7)/i. What is w(o)?
-10
Let t(x) = 3*x + 2. Let s(p) = 3 + 5 + p - 5*p**2 + 0*p**2 + 3*p**2. Let c be s(-2). What is 